19*j + 302 + 1199. What is the units digit of j?
9
Suppose -5*w + 210 = -0*w. Let k(o) = o**3 - 7*o**2 - 4*o - 16. Let f be k(8). Suppose c = 2*x - 4*x + f, 2*c = x + w. What is the tens digit of c?
2
Let a(w) = 2171*w**3 + 1. Let t be a(-1). What is the hundreds digit of (-2 - (-11)/1)/((-93)/t)?
2
Let t(o) = o**3 - 4*o**2 - 4*o - 1. Let x be t(5). What is the units digit of (-1)/x*59*-4?
9
What is the thousands digit of (986/145)/(-1*3/(-615))?
1
Suppose -3*o = o - 7124. What is the hundreds digit of o?
7
Let h(t) = -42*t**3 - t**2 - 2*t - 1. Let l(x) = -x**3 + 11*x**2 + 2*x - 23. Let a be l(11). Let y be h(a). Let j = y + -16. What is the units digit of j?
6
Suppose 4 = k + 1, 2*t = 4*k. Suppose 2*d - t = 28. Let f = 11 + d. What is the units digit of f?
8
Let x = -23 - -28. Suppose x*v = v. What is the tens digit of (0 - -49) + (v - 4)?
4
Let w be 216 + -1 + 6/(-3). Let x(b) = 119*b**2 - 9*b - 1. Let p be x(1). Suppose 3*g = -2*a + p, g = -a - 3*a + w. What is the tens digit of a?
5
Suppose 23 = 4*o + 3. Let v be 1*15*o/(-15). What is the tens digit of 1/(-3)*390/v?
2
Suppose 8199 = 4*o + 5*n, 10*o + 4103 = 12*o - n. What is the tens digit of o?
5
Let b = -327 + 174. Let i = 233 + b. What is the units digit of i?
0
Let a be 10 + -3 - 1*-3. What is the tens digit of (a/(-2))/((-2)/6)?
1
Let g(y) = y**2. Let p(q) = q**3 + 10*q**2 - 19*q - 27. Let u(z) = 4*g(z) + p(z). What is the units digit of u(-15)?
3
What is the hundreds digit of (-52)/39*819/(-2)?
5
Let j(o) = 2*o**2 - 15*o + 76. What is the tens digit of j(22)?
1
Suppose -2*y + 4270 = 3*l, 1335 = y - 3*l - 791. What is the tens digit of y?
3
Let w(s) be the third derivative of s**6/60 - s**5/60 + s**4/8 - s**3/6 - 5*s**2. Suppose 0 = -5*v + 9*v - 8. What is the tens digit of w(v)?
1
Let w(z) = 2*z**2 - 2*z + 5. Let x = -35 + 38. What is the units digit of w(x)?
7
Suppose -k + 4*s - 25 = -125, 0 = 2*s - 8. What is the tens digit of k?
1
Let z(c) = c - 6. Let d be z(13). Suppose -10*h + 9 = -d*h. What is the units digit of h?
3
Suppose 5*x - 1512 = 23. What is the tens digit of x?
0
Suppose 16*g = 1038 + 20066. What is the units digit of g?
9
Suppose 2*m - s = 1207, 4*m - s + 3*s - 2418 = 0. Suppose -m = -7*j + 47. What is the tens digit of j?
9
Let i(r) = r**3 + 3*r**2 + 2*r. Let v be i(-2). Suppose v = 3*l - 4*l + 8. Suppose -l*c + 3*c + 195 = 0. What is the tens digit of c?
3
Let w(i) be the third derivative of -i**6/120 + 13*i**5/60 - i**4/2 + 5*i**3/6 + 3*i**2. Let r be ((-18)/(-12))/(2/16). What is the units digit of w(r)?
5
Suppose 133*h = 71*h + 227168. What is the tens digit of h?
6
Let l(z) = 32*z**3 + z**2 + 8*z - 11. What is the hundreds digit of l(3)?
8
Let q(r) = -4*r + 9. Let l = -7 + -5. What is the tens digit of q(l)?
5
Let w = 11 + -9. Suppose 2*o = 3*o - w. Suppose 0 = -0*s + s - 5, -39 = -o*h - s. What is the tens digit of h?
1
Let m be 0 + (0 - 0) - 8. Let s = 1442 - 1428. Let i = s - m. What is the units digit of i?
2
Suppose 3*z - 9 = f - 4*f, -5*z + 2*f + 29 = 0. Suppose 4*q - l - 1088 = l, z*q - 5*l = 1365. What is the tens digit of q?
7
Let s = -113 + 165. What is the tens digit of s?
5
What is the thousands digit of ((-23742)/27)/(18/(-27))?
1
Let m(t) = -t + 9. Suppose 3*p = -3*h + 12, 5 = -3*p - 2*h + 13. Suppose p*r - 5*r = -20. What is the units digit of m(r)?
5
Let s(t) = 808*t**2 - 2*t - 1. What is the hundreds digit of s(-1)?
8
Suppose 3*d + 10 = -4*i, -5*d - 2*i + 4*i = -18. Suppose -d*p = -k - 2*k - 3, 3*k = -2*p - 15. What is the units digit of 0 + 3 - (-17 + p)?
3
Let y = -24 - -14. Let j be y/(-4 - -4 - -1). What is the units digit of ((-4)/j)/((-10)/(-550))?
2
Let k = 58 - 17. Suppose 4*t - 30 = -34*w + 36*w, 3*w = -15. Suppose -c - k = -2*c - t*j, 0 = j + 4. What is the units digit of c?
1
Suppose w - 8 = 3*h, -6 = -2*w + 2*h - h. Let s(l) be the third derivative of l**4/3 - l**3/3 - 2*l**2. What is the units digit of s(w)?
4
Let w(g) = 705*g - 241. What is the units digit of w(4)?
9
Let f = 474 + -38. What is the hundreds digit of f?
4
Let k = 8 + 33. Suppose 172 = 3*x - k. What is the units digit of x?
1
Let o = 11 - 21. Let j be (-208)/(-40) + 2/o. Let r = 3 + j. What is the units digit of r?
8
Suppose -4*g - 6*x = -5*x - 22, -4*x = -4*g + 12. Suppose -5*f - g*w + 105 = 0, 2*f + w - 27 = 4*w. What is the tens digit of f?
1
Let d = -13 + 13. Let v(i) = -2*i**2 + 3*i**2 - i + d*i**2 - 19*i**3 + 2*i. What is the tens digit of v(-1)?
1
Suppose 4*o - 86 = -5*r, -o + 5 = 5*r - 9. Suppose -2*v - 5*c + 41 = -o, c = 3*v - 123. What is the units digit of v?
0
Let q = 36 + -21. Let n(k) = -k**3 + 14*k**2 + 18*k - 7. Let c be n(q). Suppose j - 2*j = -c. What is the tens digit of j?
3
Let f be 3/2 - (-21)/(-2). Let r be (-16)/8*f/2. What is the tens digit of (129/r)/((-2)/(-6))?
4
Suppose 0 = -3*t - 2*t + 50. Suppose t = 5*p - 3*p. Suppose 5*l + p*v = 205, -3*l + 143 = -5*v + 36. What is the units digit of l?
9
Let b be 15/10*(-8)/6. What is the tens digit of 1/(1 + (b/(-172) - 1))?
8
Let j = -833 + 1500. What is the tens digit of j?
6
Let k be 7/((-7)/3)*-10. Let l be k/3 + (-6)/2. Suppose l = x + 5. What is the units digit of x?
2
Suppose -917 = -r + 5*c, -3*r - 3*c + 2779 = -4*c. What is the hundreds digit of r?
9
Let p be (-1948)/(7 + -3)*-3. Suppose 8*j + p = -1883. What is the tens digit of (j/33)/(2/(-6))?
3
Suppose c + 973 = 5*a, 2*a + 0*c - 388 = c. Suppose 5*x = 8*x - a. What is the units digit of x?
5
Suppose 2*u + 3 = 3*u + n, -3*u + 19 = n. Suppose 3*l + 9 = 0, -4*z + 5*l - u = 33. What is the units digit of 8/z + (-92)/(-14)?
6
What is the units digit of (9/45)/(-1) + (-18078)/(-15)?
5
Let z be 1/((-2 + -3)/(-25)). Suppose 0 = -z*j + 7*j - 64. What is the units digit of j?
2
Let p = 0 + 4. Suppose -j + p*m + 24 = 0, -j + 4 = -0*j + m. Suppose -5*v + y + 28 = 0, -2*v + 3*y - 2 = -j. What is the units digit of v?
6
Let k = 14 - 2. Suppose t - 2*i = -0*t + 10, 3*i + k = t. What is the units digit of t?
6
Suppose 0 = -4*o - 3*b + 629 + 1160, 5*b = 4*o - 1797. What is the units digit of o?
8
Let s(n) = n**3 + 2*n**2 - 4. Let v be s(0). Let j(b) = -2*b - 6. Let q be j(v). Let d(z) = 23*z + 2. What is the units digit of d(q)?
8
Suppose -4*x + 6*q + 8008 = 2*q, 5*q - 2026 = -x. What is the units digit of x?
6
Suppose 11 + 22 = 3*u - 3*q, 4*q = 0. What is the tens digit of u?
1
Let r = 177 + -105. Suppose -r*n = -66*n - 1872. What is the units digit of n?
2
Suppose 5*w + 0*r - 52 = -2*r, 0 = 4*r + 16. Suppose -4*m = 2*h + 3 - 1, -w = -4*h. What is the tens digit of m/1 + 1 + 31?
3
Let k(p) be the second derivative of 2*p**3/3 + 37*p**2 - 14*p. What is the units digit of k(0)?
4
Let p be 4/(-2) + -6 + 13. Let q(b) = -b**3 + 6*b**2 - b - 5. Let z be q(p). What is the units digit of 15*(1 + (-3)/z)?
2
Let z = 6539 + -3452. What is the units digit of z?
7
Let q(o) = -228*o + 20. What is the units digit of q(-2)?
6
Let r = 270 + -258. What is the units digit of r?
2
Let k(j) be the first derivative of j**6/360 + j**5/40 - j**4/24 - 4*j**3/3 - 4. Let s(t) be the third derivative of k(t). What is the units digit of s(-4)?
3
Suppose 4*s - 216 = 496. Suppose -3*t = -5*v + t + 615, -v - t + 123 = 0. Let i = s - v. What is the units digit of i?
5
Let n be (36/3)/4 + 27. What is the tens digit of (4 - 70/25)*n?
3
Let s = -112 + 259. What is the tens digit of s?
4
Let v be (-20)/(-8)*(4 - 2). Suppose s = 5*b + 33, -v*b = -0*b + 25. Suppose 3*g + 86 - s = 3*f, -f + 46 = -5*g. What is the tens digit of f?
2
Let z(c) = -10*c - 122. What is the tens digit of z(-14)?
1
What is the units digit of ((-351)/(-81))/((-1)/(-117))?
7
Let c(f) = 2*f**2 - 51*f + 39. What is the units digit of c(34)?
7
Let m be (1 + 0)/((-1)/(-1)). Let v(x) be the second derivative of 7*x**4/6 + x**3/6 + 2*x. What is the units digit of v(m)?
5
Let x(n) be the first derivative of n**4/4 - 2*n**3 + 3*n**2 - 3*n - 1. Let p(f) = 4*f - 15. Let v be p(5). What is the units digit of x(v)?
2
Let w(y) be the second derivative of 11*y**3/3 - 7*y**2/2 + 17*y. What is the hundreds digit of w(5)?
1
Let q = -29 - -31. Suppose 0*m = 2*m - 3*x - 4, -q*m - 2*x = -14. Suppose 8 = m*n - 7. What is the units digit of n?
3
Let p = 174 - 97. Suppose -4*b = 5*l - 406, 2*b = 2*l - p - 89. What is the units digit of